site number?
False
Is 5039 composite?
False
Is 1181 a prime number?
True
Is 383269 a composite number?
True
Is 839 a prime number?
True
Is 346627 prime?
True
Is 5613 composite?
True
Is 70423 prime?
True
Is 120641 prime?
True
Is 299447 a prime number?
True
Is 8641 a prime number?
True
Is 16119517 a composite number?
False
Is 15229 a prime number?
False
Is 14519 composite?
False
Is 14441 composite?
True
Is 1752423 a prime number?
False
Is 11013 composite?
True
Is 20143 prime?
True
Is 4262839 a composite number?
True
Is 14393 prime?
False
Is 9566 a prime number?
False
Is 171947 composite?
False
Is 91123 prime?
False
Is 51329 a composite number?
False
Is 71251 prime?
False
Is 128587 a prime number?
False
Is 457547 a composite number?
False
Is 415343 composite?
False
Is 8843 a prime number?
False
Is 771 a composite number?
True
Is 491261 composite?
False
Is 380417 a prime number?
True
Is 761431 a composite number?
True
Is 618217 composite?
True
Is 1072979 composite?
True
Is 27155 a prime number?
False
Is 21763 a prime number?
False
Is 1113989 a prime number?
False
Is 351445 composite?
True
Is 89587 a prime number?
False
Is 64799 composite?
True
Is 19733 a prime number?
False
Is 13465 composite?
True
Is 4783 a prime number?
True
Is 53759 a composite number?
False
Is 6841 a composite number?
False
Is 79881 a composite number?
True
Is 295863 prime?
False
Is 92113 prime?
False
Is 405763 a prime number?
True
Is 60641 a composite number?
True
Is 81451 a composite number?
True
Is 71633 a composite number?
False
Is 207601 a composite number?
True
Is 34091 a composite number?
True
Is 8003 a prime number?
False
Is 277421 a composite number?
False
Is 2036299 composite?
False
Is 4561 composite?
False
Is 13789 a prime number?
True
Is 144395 prime?
False
Is 9049 a prime number?
True
Is 612841 composite?
False
Is 120353 a composite number?
True
Is 480685 a prime number?
False
Is 921 composite?
True
Is 1316899 prime?
True
Is 55487 a prime number?
True
Is 597973 prime?
False
Is 333959 composite?
False
Is 359591 a prime number?
False
Is 245459 composite?
True
Is 52489 composite?
False
Is 9383 a prime number?
False
Is 1948001 composite?
True
Is 6663 composite?
True
Is 33097 a prime number?
False
Is 134111 composite?
True
Is 9923 a composite number?
False
Is 6639 a composite number?
True
Is 24163 composite?
True
Is 28415 a prime number?
False
Is 10942 a prime number?
False
Is 16697 prime?
False
Is 30427 a prime number?
True
Is 972197 composite?
False
Is 780343 prime?
True
Is 43753 a prime number?
True
Is 15389 composite?
True
Is 129449 a prime number?
True
Is 11579 a prime number?
True
Is 321163 prime?
True
Is 21361 a composite number?
True
Is 1751065 a prime number?
False
Is 1931 a prime number?
True
Is 80763 composite?
True
Is 7279 a composite number?
True
Is 100915 a composite number?
True
Is 169 composite?
True
Is 46807 a prime number?
True
Is 553 a prime number?
False
Is 460531 composite?
False
Is 1445361 composite?
True
Is 2137441 prime?
True
Is 23965 composite?
True
Is 1132223 a prime number?
True
Is 1257137 a composite number?
True
Is 4613 prime?
False
Is 18479 composite?
True
Is 34462 a prime number?
False
Is 37691 a composite number?
False
Is 893 a prime number?
False
Is 83087 a composite number?
True
Is 15859 composite?
False
Is 18397 composite?
False
Is 529 a composite number?
True
Is 3503 prime?
False
Is 81619 a prime number?
True
Is 216493 a composite number?
False
Is 520913 a prime number?
True
Is 51503 a prime number?
True
Is 224087 a composite number?
True
Is 797 composite?
False
Is 21961 composite?
False
Is 342037 composite?
False
Is 878785 composite?
True
Is 109331 composite?
False
Is 60127 a prime number?
True
Is 516421 a composite number?
False
Is 186551 a prime number?
True
Is 62705 a prime number?
False
Is 4721 prime?
True
Is 3989 prime?
True
Is 4907 prime?
False
Is 149897 a prime number?
False
Is 54671 prime?
False
Is 75479 prime?
True
Is 426287 prime?
True
Is 11677 a prime number?
True
Is 4699 composite?
True
Is 216131 a prime number?
False
Is 15578 a composite number?
True
Is 91617 composite?
True
Is 622 a prime number?
False
Is 206123 composite?
False
Is 776683 prime?
True
Is 851 a prime number?
False
Is 90641 composite?
False
Is 10211 a composite number?
False
Is 32071 a composite number?
True
Is 5923 prime?
True
Is 397009 a prime number?
False
Is 109651 composite?
True
Is 20521 composite?
False
Is 143043 a composite number?
True
Is 3201623 a prime number?
False
Is 105031 prime?
True
Is 655737 a prime number?
False
Is 320897 a composite number?
True
Is 443 composite?
False
Is 319673 prime?
True
Is 2219 composite?
True
Is 149 a composite number?
False
Is 3037 composite?
False
Is 5749 a prime number?
True
Is 12199 a composite number?
True
Is 22007 a prime number?
False
Is 69313 a prime number?
True
Is 159977 prime?
True
Is 175535 a prime number?
False
Is 1717 a prime number?
False
Is 517 prime?
False
Is 166393 a prime number?
True
Is 2147 a prime number?
False
Is 37229 a prime number?
False
Is 44306 a prime number?
False
Is 538763 a prime number?
True
Is 62242 composite?
True
Is 201193 prime?
True
Is 212099 a composite number?
False
Is 462991 prime?
False
Is 8521 prime?
True
Is 577903 prime?
False
Is 6947 composite?
False
Is 6997 composite?
False
Is 5112791 prime?
True
Is 774607 a prime number?
False
Is 13837 prime?
False
Is 1167587 composite?
False
Is 158489 a composite number?
False
Is 230719 prime?
True
Is 5297 a composite number?
False
Is 4987 prime?
True
Is 11533 a prime number?
False
Is 365 a prime number?
False
Is 18691 composite?
False
Is 179159 a prime number?
False
Is 568097 a composite number?
False
Is 55579 prime?
True
Is 71563 a composite number?
False
Is 281153 prime?
True
Is 1545569 a prime number?
True
Is 146947 composite?
True
Is 38173 prime?
False
Is 36353 prime?
True
Is 14503 prime?
True
Is 649981 a composite number?
False
Is 7283 a composite number?
False
Is 18646 composite?
True
Is 17257 a prime number?
True
Is 96581 composite?
False
Is 2096357 composite?
False
Is 241541 composite?
True
Is 4874 a prime number?
False
Is 15883 composite?
True
Is 202669 composite?
True
Is 271481 composite?
True
Is 2292071 composite?
False
Is 162551 prime?
False
Is 1255519 composite?
False
Is 2333 prime?
True
Is 8621 prime?
False
Is 4586479 a composite number?
False
Is 7715 composite?
True
Is 6119 prime?
False
Is 2397641 a prime number?
True
Is 6619 a composite number?
False
Is 104783 a prime number?
False
Is 4349 a prime number?
True
Is 446 a prime number?
False
Is 19385 prime?
False
Is 22367 composite?
False
Is 56431 a prime number?
True
Is 227405 a composite number?
True
Is 28709 a composite number?
True
Is 12053 prime?
False
Is 1158587 composite?
False
Is 34121 a prime number?
False
Is 679 prime?
False
Is 992059 composite?
True
Is 41113 a prime number?
True
Is 306991 a prime number?
True
Is 403381 composite?
True
Is 72613 a prime number?
True
Is 46213 a composite number?
True
Is 17159 composite?
False
Is 459177 a composite number?
True
Is 252293 a composite number?
False
Is 20489 prime?
False
Is 8659 prime?
False
Is 20887 prime?
True
Is 43517 a prime number?
True
Is 1847 a composite number?
False
Is 135637 composite?
False
Is 31957 prime?
True
Is 284407 a composite number?
False
Is 10673 a prime number?
False
Is 8419 composite?
False
Is 1218941 composite?
False
Is 20885 a composite number?
True
Is 30883 a prime number?
False
Is 19165 a prime number?
False
Is 4417 composite?
True
Is 5447 a prime number?
False
Is 196991 prime?
True
Is 526901 a composite number?
True
Is 138179 composite?
False
Is 80141 a prime number?
True
Is 1811347 a composite number?
False
Is 7283 a prime number?
True
Is 933287 a prime number?
False
Is 106423 composite?
True
Is 5581 a prime number?
True
Is 1178861 a composite number?
True
Is 175039 a prime number?
True
Is 6907 composite?
False
Is 165437 composite?
False
Is 297487 composite?
False
Is 24821 composite?
False
Is 125383 a composite number?
False
Is 4327 composite?
False
Is 53831 a composite number?
False
Is 5515 a composite number?
True
Is 219677 a composite number?
False
Is 24257 prime?
False
Is 91501 a prime number?
False
Is 15223 a prime number?
False
Is 30289 a composite number?
True
Is 29549 a compos